 25*y + 101. Give n(-9).
2
Let t(f) = -520*f + 3646. What is t(7)?
6
Let i(h) = h**3 - 61*h**2 + 63*h - 126. What is i(60)?
54
Let w(d) = -d**3 - 20*d**2 - 47*d + 18. Calculate w(-16).
-254
Let w(o) = o**3 + 22*o**2 - 59*o - 479. Give w(-24).
-215
Let r(p) = -p**3 + 19*p**2 - 34*p + 26. What is r(17)?
26
Let m(f) = f**2 + 59*f - 132. Determine m(2).
-10
Let n(r) = -r**2 - 81*r + 25101. Calculate n(123).
9
Let s(y) = 2*y**2 + 29*y + 70. What is s(-11)?
-7
Let x(y) = y**2 + 75*y + 276. Give x(-71).
-8
Let s(d) = 2*d + 58. Calculate s(25).
108
Let m(f) = -3*f**2 - 102*f - 165. What is m(-32)?
27
Let h(y) = -y**3 + 16*y**2 - 48*y + 275. Give h(14).
-5
Let k(a) = -166*a + 865. Calculate k(5).
35
Let m(l) = 33*l - 343. Calculate m(9).
-46
Let h(s) = s**3 - 9*s**2 - 41*s - 145. What is h(12)?
-205
Let n(g) = g**2 - 9*g + 63. Give n(10).
73
Let n(z) = 3*z**3 + 54*z**2 - 3*z + 18. What is n(-18)?
72
Let p(i) = -i**3 + 17*i**2 - 29*i - 68. What is p(15)?
-53
Let c(r) = r**3 + 71*r**2 + 1220*r + 63. Give c(-29).
5
Let h(b) = -2*b**3 - 4*b**2 + 251*b + 136. Calculate h(-12).
4
Let z(n) = 158*n - 30656. Determine z(194).
-4
Let t(d) = -297*d - 23446. Give t(-79).
17
Let t(k) = -2*k**3 + 113*k**2 - 1267*k - 169. Determine t(41).
-5
Let l(n) = -n**3 + 11*n**2 - 218*n + 2710. Calculate l(12).
-50
Let v(s) = s**3 - 11*s - 36. What is v(5)?
34
Let v(z) = 3*z**2 - 206*z + 3483. What is v(30)?
3
Let t(n) = -111*n**2 + 443*n - 5. Calculate t(4).
-9
Let t(l) = l**2 - 289*l + 1148. Determine t(4).
8
Let h(z) = z**2 + 2*z - 637. Calculate h(24).
-13
Let u(d) = -2*d**3 + 11*d**2 + 16*d - 101. Determine u(5).
4
Let v(a) = -3177*a + 41291. Give v(13).
-10
Let v(p) = -1485*p - 10394. Determine v(-7).
1
Let u(q) = -8*q**2 - 53*q - 53. What is u(-5)?
12
Let o(u) = -u**3 - 50*u**2 + 225*u + 520. Determine o(-54).
34
Let q(g) = -g**2 - 75*g + 287. Determine q(-79).
-29
Let y(m) = -1462*m - 5837. Give y(-4).
11
Let z(h) = -h**2 + 29*h - 228. Give z(22).
-74
Let p(j) = 2408*j - 16856. Give p(7).
0
Let d(c) = -c**3 + 24*c**2 - 129*c. Calculate d(16).
-16
Let w(q) = -159*q + 6088. What is w(38)?
46
Let c(q) = -330*q - 1310. Calculate c(-4).
10
Let s(g) = g**2 + 15*g - 288. Give s(-26).
-2
Let d(g) = g**3 + 9*g**2 - 8*g - 82. Calculate d(-6).
74
Let p(w) = 5*w**3 + 201*w**2 + 34*w - 236. Give p(-40).
4
Let f(c) = -43*c - 1943. Determine f(-45).
-8
Let r(t) = -t**3 + 23*t**2 + 29*t - 148. Give r(24).
-28
Let t(l) = 15*l**2 + 146*l + 20. Determine t(-11).
229
Let k(c) = -c**3 + 46*c**2 - 42*c - 164. Determine k(45).
-29
Let u(q) = 24*q - 500. Calculate u(21).
4
Let c(x) = -21*x - 221. Calculate c(-10).
-11
Let z(f) = 9*f + 400. Calculate z(-35).
85
Let o(g) = -15*g**2 + 86*g + 24. Determine o(6).
0
Let s(x) = 2*x**3 - 35*x**2 - 643*x + 11236. Determine s(17).
16
Let x(j) = -j**3 - 6*j**2 + 17*j + 85. Calculate x(-7).
15
Let r(u) = -u**3 - 356*u**2 - 2097*u + 25. Determine r(-6).
7
Let q(r) = -r**3 + 4*r**2 - 21*r + 81. Calculate q(4).
-3
Let p(i) = 5*i**3 + 17*i**2 - i - 3. What is p(-4)?
-47
Let o(d) = -2*d**3 - 18*d**2 - 2*d - 81. Determine o(-10).
139
Let p(h) = 37*h - 167. What is p(5)?
18
Let n(i) = -6*i + 122. Determine n(31).
-64
Let c(r) = 33*r - 3393. What is c(102)?
-27
Let d(o) = -8*o**2 + 66*o - 303. What is d(5)?
-173
Let h(d) = -15*d**2 - 326*d - 326. What is h(-1)?
-15
Let o(b) = -b**2 - 14*b - 45. Calculate o(-16).
-77
Let u(l) = 304*l**2 + 3345*l + 14. Determine u(-11).
3
Let p(b) = 5*b**3 - 2*b**2 - 10*b + 20. Determine p(3).
107
Let v(i) = 48*i**3 + 3*i**2 + 20*i + 18. Determine v(-1).
-47
Let r(a) = 412*a + 3716. Determine r(-9).
8
Let z(f) = 9*f**3 + 540*f**2 - 3. Calculate z(-60).
-3
Let o(i) = -i**2 - i + 107. Determine o(-11).
-3
Let a(q) = -q**2 + 8*q + 92. Calculate a(11).
59
Let b(i) = 7*i**3 - 96*i**2 - 95*i. Calculate b(-1).
-8
Let s(p) = -7*p**3 + 4*p**2 - 7*p - 23. Determine s(-4).
517
Let f(h) = h**3 + 27*h + 45. What is f(0)?
45
Let c(r) = 151*r + 495. Determine c(-3).
42
Let b(k) = k**2 + 8*k - 63. Give b(4).
-15
Let k(n) = n**3 - 10*n**2 - 84*n + 721. Give k(7).
-14
Let y(s) = -s**2 - 925*s + 6527. Calculate y(7).
3
Let q(p) = -10*p**2 - 204*p - 68. What is q(-20)?
12
Let m(f) = 29*f**3 - 2*f**2 - 3*f - 11. What is m(-2)?
-245
Let z(a) = 2*a**2 - 90*a + 341. Determine z(37).
-251
Let f(j) = 3*j**3 + 14*j**2 + 8*j + 10. Calculate f(-4).
10
Let d(b) = 3*b**3 + 17*b**2 + 3*b - 14. What is d(-5)?
21
Let n(r) = -17*r - 32. Determine n(-2).
2
Let t(o) = o**3 + 9*o**2 - 98*o + 54. Give t(6).
6
Let y(z) = 4*z - 95. Calculate y(13).
-43
Let m(p) = -p**3 - 29*p**2 - 31*p + 52. Calculate m(-28).
136
Let s(d) = d**3 + 42*d**2 + 36*d - 236. Calculate s(-41).
-31
Let b(y) = 6*y**3 + 2173*y + 2172. Calculate b(-1).
-7
Let v(f) = -88*f + 176. Determine v(3).
-88
Let n(k) = k**2 - 118*k - 3568. Determine n(-25).
7
Let y(u) = -24*u + 377. What is y(16)?
-7
Let y(c) = c**3 + 14*c**2 + 19*c + 8. What is y(-13)?
-70
Let h(j) = 4*j**2 - 3420*j + 13627. Calculate h(4).
11
Let x(w) = 8*w + 573. Determine x(-70).
13
Let u(w) = -4*w**2 + 486*w + 59487. Determine u(197).
-7
Let i(t) = 3*t**3 + 18*t**2 - 101*t - 586. Determine i(-5).
-6
Let b(f) = -15*f + 283. Calculate b(18).
13
Let b(p) = -3*p**3 + 25*p**2 - 81*p + 12. What is b(6)?
-222
Let s(x) = -x**3 - 81*x - 156. Calculate s(-2).
14
Let h(g) = 71*g**2 - 20*g - 4. What is h(2)?
240
Let j(o) = 25*o + 167. What is j(-9)?
-58
Let i(p) = -88*p**3 - 6*p**2 + 3*p + 2. Calculate i(1).
-89
Let u(d) = 227*d + 2714. Calculate u(-12).
-10
Let t(c) = 149*c - 38. What is t(-1)?
-187
Let t(g) = -2*g**3 - 93*g**2 + 48*g + 111. Determine t(-47).
64
Let t(o) = o**3 + 10*o**2 - 52*o + 40. Give t(-14).
-16
Let v(u) = u**3 + 71*u**2 + 90*u + 1388. Calculate v(-70).
-12
Let j(o) = o**3 - 52*o**2 - 160*o - 281. Give j(55).
-6
Let c(w) = 153*w**2 + 36*w - 74. Give c(2).
610
Let b(u) = 3775*u + 52856. Give b(-14).
6
Let g(j) = j**2 - 11*j - 1065. Give g(37).
-103
Let r(x) = x**3 - 120*x**2 + 99*x + 2366. Calculate r(119).
-14
Let o(d) = 40*d + 657. What is o(-17)?
-23
Let u(x) = 6*x**3 + 70*x**2 + 101*x - 6. Calculate u(-10).
-16
Let c(w) = -w**2 - 10*w + 11. Give c(-9).
20
Let v(l) = -l**2 - 28*l + 25. Calculate v(-14).
221
Let z(t) = -28*t**3 + 48*t**2 + 81*t - 167. Give z(2).
-37
Let x(h) = -4*h - 77. What is x(-6)?
-53
Let q(u) = 3*u**2 - 51*u - 27. Calculate q(18).
27
Let u(b) = 2022*b - 70761. What is u(35)?
9
Let o(t) = 237*t + 5642. Calculate o(-24).
-46
Let g(p) = 605*p**3 + 3*p**2 - 8*p + 9. Determine g(1).
609
Let z(m) = -5*m**2 - 36*m + 201. What is z(6)?
-195
Let s(i) = 262*i + 50. What is s(-2)?
-474
Let s(r) = -27*r**2 + 129*r - 9. Determine s(4).
75
Let t(n) = n**3 + 14*n**2 - 124*n + 16. Give t(6).
-8
Let u(c) = -c**2 + 1866*c + 7508. What is u(-4)?
28
Let t(x) = x**3 + 2*x**2 - 65*x - 146. Give t(-4).
82
Let b(x) = -128*x + 606. Calculate b(5).
-34
Let n(j) = -12*j + 437. Give n(7).
353
Let a(j) = -65*j + 2255. Give a(35).
-20
Let a(t) = t**2 - 30*t - 521. Calculate a(-12).
-17
Let a(d) = 4*d**2 - 70*d + 134. Give a(2).
10
Let g(f) = -f**3 + 48*f**2 - 62*f + 170. Determine g(47).
-535
Let w(n) = 5*n - 37. Give w(-20).
-137
Let v(w) = w**3 - 62*w**2 + 177*w + 67. Calculate v(59).
67
Let j(d) = -2*d**3 - 63*d**2 - 393*d - 48. Calculate j(-23).
-2
Let z(c) = 16329*c - 97981. What is z(6)?
-7
Let l(t) = 50*t - 178. What is l(3)?
-28
Let n(q) = -q**2 + 41*q + 167. Determine n(-4).
-13
Let a(f) = 892*f + 16947. Determine a(-19).
-1
Let z(j) = 36*j**3 - 13*j**2 + 10*j + 2. What is z(1)?
35
Let f(v) = -5270*v + 31642. Give f(6).
22
Let l(i) = -15*i**2 - 181*i + 22. What is l(-12)?
34
Let i(j) = -72*j - 1090. What is i(-15)?
-10
Let b(d) = 539*d - 14004. Determine b(26).
10
Let k(s) = s**3 + 3*s**2 - 239*s + 2. Give k(14).
-12
Let k(u) = -u**2 + 14*u + 406. Calculate k(20).
286
Let p(w) = 14*w + 551. What is p(-40)?
-9
Let p(z) = -104*z - 817. What is p(-8)?
15
Let g(d) = 102*d**2 - 86*d + 9. Calculate g(2).
245
Let x(t) = t**3 - 20*t**2 + 17*t + 35. Give x(19).
-3
Let p(r) = -10*r + 24. Calculate p(-6).
84
Let p(o) = 2*o**2 - 116*o - 2734. What is p(-18)?
2
Let n(r) = -15*r**3 + 87*r**2 + 6*r - 22. Give n(6).
-94
Let o(j) = -10*j**3 + 40*j**2 + 5*j - 22. Give o(4).
-2
Let f(x) = -41*x + 3258. Calculate f(78).
60
Let z(s) = -3*s